er?
True
Let b = -21018 - -40571. Is b a prime number?
True
Let z(f) = -42*f + 32. Let m(j) = j. Let l(d) = 5*m(d) + z(d). Let r be l(6). Let w = r + 308. Is w composite?
True
Suppose -5*z - 14275 = 4*g + 11105, -20273 = 4*z - 3*g. Let d = -875 - z. Is d a prime number?
False
Let d be (-2)/(12/78) - 1. Let u(r) be the third derivative of -r**6/120 - 3*r**5/20 + 17*r**4/24 + 3*r**3/2 - 2*r**2. Is u(d) a composite number?
False
Let i(b) = -b + 7*b - 1 + 48 + b. Let f be i(-5). Suppose 15*m = f*m + 14955. Is m a prime number?
False
Let v = 90 + 597. Let c = v - -880. Is c a composite number?
False
Suppose 2*w - b = 7452, 0 = -w - 0*w + 4*b + 3740. Let f = 5641 - w. Suppose 6*s - f - 549 = 0. Is s composite?
True
Is 0 - 5 - 386736/(-7 - 0) a composite number?
False
Suppose 5*o - 3*f = 2*f + 134720, -f + 107801 = 4*o. Suppose o = 10*q + 1919. Is q composite?
False
Let b = -3 + 4. Let y(n) = -5*n**2 + n. Let q be y(b). Let l(h) = -15*h**3 - 2*h**2 + 6*h + 3. Is l(q) a prime number?
True
Suppose -55*w + 7842 = -49*w. Let a = 6838 - w. Is a composite?
False
Let z be (-1 - -4)/(-13 + 16) + 1. Suppose -434 = -2*u - u + t, z*u - 280 = -4*t. Let h = 271 - u. Is h a prime number?
True
Suppose 5*m + 0 - 5 = 5*y, -2*m + 6 = -y. Suppose -2*x + v + 3190 + 1660 = 0, 5*x - y*v = 12119. Is x a composite number?
True
Suppose 4*o + 3*u = 8, 0 = 2*o - o - 5*u - 25. Suppose -4086 = -o*f + 1669. Is f a prime number?
True
Suppose 5*g + 2*s + 430 = -688, -2*g - 3*s = 456. Let y = g - 82. Let t = 635 + y. Is t a prime number?
True
Let s(m) = 362*m + 4. Let b(z) = 725*z + 9. Let u(d) = -3*b(d) + 7*s(d). Is u(2) prime?
True
Let u(t) be the first derivative of 275*t**4/4 + t**2/2 + t - 75. Is u(2) a prime number?
True
Let h = -123 - -123. Suppose -10*v - 180 = -h*v. Is 3/((-3)/6*v/2406) a composite number?
True
Suppose -177 = -21*u - 30. Is 2879 - 4*u/28 a prime number?
False
Suppose 115*t - 120*t + 15 = 0. Suppose -2*f + t*f - 3047 = 0. Is f prime?
False
Suppose 22*w + 756417 - 754121 - 3511934 = 0. Is w a prime number?
False
Suppose 0 = 5*o - 6 - 19. Suppose o*i - 304 = -54. Let p = i + -27. Is p prime?
True
Let a = -48033 - -81592. Is a composite?
True
Let i(w) = -58*w**2 + 3*w. Let h be i(-4). Let a = h + 3069. Is a composite?
False
Let s be -68*(2/(-4) + -3). Suppose -m = 3*m - 3*d - 883, m - s = -5*d. Is m a composite number?
False
Suppose -a - 5 = -5*g - 2, g + 4*a = -12. Suppose 68*q - 66*q = 3*c + 8995, g = 3*q + c - 13476. Is q a composite number?
False
Let o(p) = 3067*p**2 + 18*p + 15. Let r(k) = -2045*k**2 - 12*k - 10. Let h(q) = -5*o(q) - 8*r(q). Is h(-4) a composite number?
False
Let l = 765859 - 379842. Is l a composite number?
False
Suppose -301*g = -239*g - 1749206. Is g a prime number?
False
Let f(v) = 1123*v + 152. Let c be f(28). Let t = c - 16985. Is t prime?
False
Suppose 0 = 8*x - 3*x - 3*g - 17981, -10791 = -3*x + g. Suppose -6*j + 20*j = x. Is j composite?
False
Suppose 3*n + 3*h - 14461 = 1397, 0 = -4*h + 12. Let a = n + 3471. Suppose -2*x - a + 22880 = 0. Is x prime?
False
Let u be (125 + (-12)/(-3))/(6/(-28)). Is -3 - 12/(-8) - u/4 prime?
True
Let i be -90*(36/(-15))/(-6). Let t be (0 + 8)/(24/i). Is t/8 - 10138/(-4) a prime number?
False
Let v = 242896 - 162731. Is v a prime number?
False
Let u(w) = 363*w**3 - 2*w**2 + 6*w - 9. Let r(z) = -4*z - 22. Let p be r(-6). Is u(p) prime?
False
Suppose -128*s + 122*s + 169224 = 0. Suppose 11*t - 15*t = -s. Is t prime?
False
Let a(y) = 6*y**2 + 6*y - 3. Let h be a(6). Let d = -1103 + 1146. Suppose -46*m = -d*m - h. Is m a prime number?
True
Suppose -46204 - 41258 = -6*l. Suppose -2*i = -6421 - l. Is i composite?
False
Let v be (-8)/(-6)*561/2. Let i(z) = -3*z**3 - z**2 + 8*z - 2. Let p be i(-4). Suppose -4*j + 2575 = 5*u, -u + p = j - v. Is u a prime number?
False
Let p = 96764 - -1441. Is (12/18)/(10/p) a composite number?
False
Let s = 135930 + 389. Is s composite?
False
Is (-1)/(((-1)/(-4))/(2323489/(-148))) prime?
False
Let p(i) = i**3 + 48*i**2 - 57*i - 111. Is p(-47) prime?
False
Let d = 165 + -167. Is 128 - (-1)/(-1 - d - 2) composite?
False
Let b(x) = -2*x**2 + 28*x - 13. Let g be b(13). Suppose g*m = 2*m + 215347. Is m composite?
False
Suppose 6*v - 336 = -0*v. Suppose 3*w - v = -11*w. Suppose -20 = -w*b, 154 = -2*g - 4*b + 1048. Is g prime?
False
Let y(h) = 780*h + 4. Let m be y(-7). Let f = -3596 - m. Suppose 0 = -j - 3*c + 1455 + f, 5*j + 5*c = 16615. Is j composite?
True
Suppose 766645 = 9*j + 228202. Is j a composite number?
True
Let y = 104 - 95. Let x(a) = -2*a**2 + 20*a + 7. Let p be x(y). Suppose p*m + 758 = 27*m. Is m composite?
False
Let d = 114 - 41. Suppose -l + d = 70. Suppose 0*g - 3*g + p = -2341, -2347 = -l*g - 2*p. Is g a prime number?
False
Is (37/((-111)/1362330))/(-2) + -2 prime?
True
Let w = 42245 - 4132. Is w a composite number?
False
Suppose -4 = -4*z, 3*z = g + 11321 - 50619. Is g composite?
False
Let d = -249 - -249. Suppose j - i = 3*j - 8655, -3*i + 3 = d. Is j a prime number?
True
Let w be (-9)/9 - (-3 - -1) - -28090. Suppose 0 = -2*u + 5*g + 56182, 3*u - w = 2*u + 4*g. Is u a prime number?
False
Let i = 245773 - 14690. Is i a composite number?
True
Is (-1275342)/9*(-6)/(-16)*248/(-62) a composite number?
False
Is 108/189 - (-1 + (-2375448)/28) a composite number?
True
Let b be 16/(-12) + 2 - (-28)/12. Suppose -6*z = -b*z + 18. Is 4/z + 49288/24 prime?
True
Suppose 5*z + 6059 = -3*t + 4*z, 4*t + 8078 = -2*z. Suppose 2*i - 5*g = 7343, 5*i + 3*g - 19622 + 1342 = 0. Let o = t + i. Is o prime?
False
Let s(u) = -u**3 - 37*u**2 + 38*u + 71. Let b be 2*(-5)/(20/78). Is s(b) composite?
True
Let r = 769 - 503. Suppose 0 = -270*f + r*f + 3020. Is f a prime number?
False
Suppose 40*z - 342676 - 56964 = 0. Is z composite?
True
Let z(n) = -145*n - 236 + 40*n - 194*n - 80*n + 22*n. Is z(-11) a composite number?
False
Let m be (-260316)/(-72)*(-12)/(-14). Suppose 8 = 2*l, 5*i + 5*l = 84196 + m. Is i a prime number?
False
Let f = 112509 + -73556. Is f a composite number?
False
Let z = 263468 - 157659. Is z a prime number?
False
Let x(b) = 181 - 458 + 22*b + 95*b - 22*b. Is x(10) prime?
True
Let c(r) be the second derivative of -365*r**3/6 + 4*r**2 + 17*r. Let d be c(2). Let j = d - -1629. Is j a composite number?
False
Let h be (3/(-1))/(6*8/(-64)). Suppose 0 = m + h*m - 56675. Is m a composite number?
True
Let j(v) = 11*v**2 + 69*v - 978. Is j(44) composite?
True
Suppose 12*h - 78271 = -17*h. Let d = -1056 + h. Is d composite?
True
Suppose 5 = 5*h + 5*a - 0*a, -4*h = -5*a + 41. Let d(p) = -215*p + 9. Is d(h) prime?
False
Suppose -8*y + 5*y + 375 = 2*z, -10*y = -z - 1273. Is y prime?
True
Let x = 45598 - 14953. Suppose -17*s + 113872 = -x. Is s a composite number?
False
Let p = -165 + 169. Is 35914/(-8)*2*(p + -6) a prime number?
True
Suppose -2*m = -0*m - 6*m. Is (m - -12658) + (-12)/(-12) a composite number?
False
Let c(o) = 6624*o**2 + 7*o - 8. Is c(1) prime?
False
Let t(j) = 50*j - 530. Let c be t(11). Let n(d) = -3*d**2 - 17*d - 47. Let k(q) = -4*q**2 - 25*q - 70. Let f(s) = 5*k(s) - 7*n(s). Is f(c) a prime number?
False
Let k(v) = 513*v**2 + 13*v - 9. Let g = 118 - 111. Is k(g) a composite number?
False
Let k(d) = d**3 - 3*d**2 + 8*d - 15. Let r be k(3). Suppose r*v + 4*v - 10426 = 0. Is v a prime number?
False
Let j = -410 + -690. Let x = j - -5935. Is x a composite number?
True
Let g(s) be the second derivative of 12*s**3 + 5*s**2/2 + 19*s. Let m be -5 + 6 - 24/(-4). Is g(m) a prime number?
True
Suppose 23*s - 21*s = -72. Let q = 307 + s. Is q a composite number?
False
Let p(g) = 740*g**2 - 5*g - 508. Is p(-17) a composite number?
True
Suppose -52*k + 36512 + 11062 = -376070. Is k a composite number?
False
Let u(s) = 12*s**2 - 35*s + 8. Let o = 252 + -237. Is u(o) a composite number?
True
Suppose 3*j = -d - 0*d - 14, 4*j - 16 = 3*d. Let q(t) = 5*t**2 - 7*t + 3. Let p be q(d). Let r = p + -188. Is r a prime number?
True
Suppose o = -3*f + 88, -5*f = 4*o - 3*o - 146. Suppose 36*r - f*r + 6664 = 0. Is (-2)/(-2) - (r + (-28)/(-7)) a composite number?
True
Let f = 3430 + 8640. Suppose 9 = -3*u, 0 = 5*v - 9*v - 2*u + f. Is v prime?
True
Suppose -4*c - 718157 = -5*w, 430878 = 3*w + 29*c - 26*c. Is w a prime number?
True
Let i(y) be the second derivative of y**3/6 + 109*y**2/2 -